{"id":22,"date":"2021-01-28T15:49:29","date_gmt":"2021-01-28T14:49:29","guid":{"rendered":"http:\/\/ytjclqk.cluster030.hosting.ovh.net\/?page_id=22"},"modified":"2023-02-16T10:28:40","modified_gmt":"2023-02-16T09:28:40","slug":"nous-trouver","status":"publish","type":"page","link":"https:\/\/test.restaurant-lapommedor.ch\/index.php\/nous-trouver\/","title":{"rendered":"Nous trouver"},"content":{"rendered":"\n<p>Vous cherchez notre adresse pour venir nous rendre visite ? Le restaurant La Pomme d&rsquo;Or est situ\u00e9 dans la charmante commune d&rsquo;Apples, dans le canton de Vaud en Suisse.<\/p>\n\n\n\n<p>Vous nous trouverez facilement \u00e0 l&rsquo;adresse suivante :<\/p>\n\n\n\n<p><strong>Restaurant<br>la Pomme d&rsquo;Or<br>Rue d&rsquo;en Haut 32<br>1143 Apples&nbsp;<\/strong><br><br><a href=\"tel:+41218003235\" data-type=\"tel\" data-id=\"tel:+41218003235\">021 800 32 35<\/a><\/p>\n\n\n\n<p>Notre restaurant est id\u00e9alement situ\u00e9 \u00e0 seulement quelques minutes de Morges, accessible depuis l&rsquo;autoroute A1 en prenant la sortie Morges-Ouest. <br>Nous disposons d&rsquo;un parking gratuit pour vous permettre de vous garer en toute tranquillit\u00e9<\/p>\n\n\n\n<p><\/p>\n\n\n\n<p>Vous pourrez \u00e9galement nous rejoindre en transports en commun en prenant le MBC  depuis la gare de Morges. Le restaurant est \u00e0 5 minutes \u00e0 pied de la gare de Apples.<\/p>\n\n\n\n<div class=\"wp-block-columns is-layout-flex wp-container-core-columns-is-layout-9d6595d7 wp-block-columns-is-layout-flex\">\n<div class=\"wp-block-column is-layout-flow wp-block-column-is-layout-flow\" style=\"flex-basis:100%\">\n<div class=\"wp-block-group\"><div class=\"wp-block-group__inner-container is-layout-flow wp-block-group-is-layout-flow\">\n<iframe loading=\"lazy\" src=\"https:\/\/www.google.com\/maps\/embed?pb=!1m14!1m8!1m3!1d576.8042325700676!2d6.42846441145469!3d46.55245819448059!3m2!1i1024!2i768!4f13.1!3m3!1m2!1s0x478c4912065d6533%3A0x5d23550fa2258f09!2sPomme%20d'Or!5e0!3m2!1sfr!2sch!4v1611849118745!5m2!1sfr!2sch\" style=\"border:0;\" allowfullscreen=\"\" aria-hidden=\"false\" tabindex=\"0\" width=\"600\" height=\"450\" frameborder=\"0\"><\/iframe>\n<\/div><\/div>\n<\/div>\n<\/div>\n\n\n\n<figure class=\"wp-block-image size-large\"><img loading=\"lazy\" decoding=\"async\" width=\"1024\" height=\"614\" src=\"http:\/\/www.cul.nu\/wp-content\/uploads\/2021\/01\/cropped-pommedevant-3-1024x614.jpg\" alt=\"\" class=\"wp-image-74\" srcset=\"https:\/\/test.restaurant-lapommedor.ch\/wp-content\/uploads\/2021\/01\/cropped-pommedevant-3-1024x614.jpg 1024w, https:\/\/test.restaurant-lapommedor.ch\/wp-content\/uploads\/2021\/01\/cropped-pommedevant-3-300x180.jpg 300w, https:\/\/test.restaurant-lapommedor.ch\/wp-content\/uploads\/2021\/01\/cropped-pommedevant-3-768x460.jpg 768w, https:\/\/test.restaurant-lapommedor.ch\/wp-content\/uploads\/2021\/01\/cropped-pommedevant-3-1536x921.jpg 1536w, https:\/\/test.restaurant-lapommedor.ch\/wp-content\/uploads\/2021\/01\/cropped-pommedevant-3.jpg 2000w\" sizes=\"auto, (max-width: 1024px) 100vw, 1024px\" \/><\/figure>\n","protected":false},"excerpt":{"rendered":"<p>Vous cherchez notre adresse pour venir nous rendre visite ? Le restaurant La Pomme d&rsquo;Or est situ\u00e9 dans la charmante commune d&rsquo;Apples, dans le canton de Vaud en Suisse. Vous nous trouverez facilement \u00e0 l&rsquo;adresse suivante : Restaurantla Pomme d&rsquo;OrRue d&rsquo;en Haut 321143 Apples&nbsp; 021 800 32 35 Notre restaurant est id\u00e9alement situ\u00e9 \u00e0 seulement [&hellip;]<\/p>\n","protected":false},"author":1,"featured_media":0,"parent":0,"menu_order":5,"comment_status":"closed","ping_status":"closed","template":"","meta":{"footnotes":""},"class_list":["post-22","page","type-page","status-publish","hentry"],"_links":{"self":[{"href":"https:\/\/test.restaurant-lapommedor.ch\/index.php\/wp-json\/wp\/v2\/pages\/22","targetHints":{"allow":["GET"]}}],"collection":[{"href":"https:\/\/test.restaurant-lapommedor.ch\/index.php\/wp-json\/wp\/v2\/pages"}],"about":[{"href":"https:\/\/test.restaurant-lapommedor.ch\/index.php\/wp-json\/wp\/v2\/types\/page"}],"author":[{"embeddable":true,"href":"https:\/\/test.restaurant-lapommedor.ch\/index.php\/wp-json\/wp\/v2\/users\/1"}],"replies":[{"embeddable":true,"href":"https:\/\/test.restaurant-lapommedor.ch\/index.php\/wp-json\/wp\/v2\/comments?post=22"}],"version-history":[{"count":12,"href":"https:\/\/test.restaurant-lapommedor.ch\/index.php\/wp-json\/wp\/v2\/pages\/22\/revisions"}],"predecessor-version":[{"id":970,"href":"https:\/\/test.restaurant-lapommedor.ch\/index.php\/wp-json\/wp\/v2\/pages\/22\/revisions\/970"}],"wp:attachment":[{"href":"https:\/\/test.restaurant-lapommedor.ch\/index.php\/wp-json\/wp\/v2\/media?parent=22"}],"curies":[{"name":"wp","href":"https:\/\/api.w.org\/{rel}","templated":true}]}}